{"id":474,"date":"2025-12-14T14:50:11","date_gmt":"2025-12-14T14:50:11","guid":{"rendered":"https:\/\/xnlaviu.cluster121.hosting.ovh.net\/?post_type=product&#038;p=474"},"modified":"2025-12-15T13:44:49","modified_gmt":"2025-12-15T13:44:49","slug":"creoles-fines-argent","status":"publish","type":"product","link":"https:\/\/la-vie-d-apres.fr\/index.php\/product\/creoles-fines-argent\/","title":{"rendered":"Cr\u00e9oles fines ARGENT"},"content":{"rendered":"<h3 data-start=\"116\" data-end=\"147\">Caract\u00e9ristiques du produit<\/h3>\n<ul data-start=\"149\" data-end=\"518\">\n<li data-start=\"149\" data-end=\"182\">\n<p data-start=\"151\" data-end=\"182\"><strong data-start=\"151\" data-end=\"170\">Diam\u00e8tre du fil<\/strong> : 0,70 mm<\/p>\n<\/li>\n<li data-start=\"183\" data-end=\"220\">\n<p data-start=\"185\" data-end=\"220\"><strong data-start=\"185\" data-end=\"210\">Diam\u00e8tre de la boucle<\/strong> : 20 mm<\/p>\n<\/li>\n<li data-start=\"221\" data-end=\"251\">\n<p data-start=\"223\" data-end=\"251\"><strong data-start=\"223\" data-end=\"241\">Poids unitaire<\/strong> : 0,2 g<\/p>\n<\/li>\n<li data-start=\"252\" data-end=\"286\">\n<p data-start=\"254\" data-end=\"286\"><strong data-start=\"254\" data-end=\"265\">Mati\u00e8re<\/strong> : Acier inoxydable<\/p>\n<\/li>\n<li data-start=\"287\" data-end=\"317\">\n<p data-start=\"289\" data-end=\"317\"><strong data-start=\"289\" data-end=\"306\">Galvanisation<\/strong> : Aucune<\/p>\n<\/li>\n<li data-start=\"318\" data-end=\"338\">\n<p data-start=\"320\" data-end=\"338\"><strong data-start=\"320\" data-end=\"329\">Forme<\/strong> : Rond<\/p>\n<\/li>\n<li data-start=\"339\" data-end=\"362\">\n<p data-start=\"341\" data-end=\"362\"><strong data-start=\"341\" data-end=\"352\">Origine<\/strong> : Chine<\/p>\n<\/li>\n<li data-start=\"363\" data-end=\"400\">\n<p data-start=\"365\" data-end=\"400\"><strong data-start=\"365\" data-end=\"381\">Type d\u2019acier<\/strong> : Acier inox 304<\/p>\n<\/li>\n<li data-start=\"401\" data-end=\"518\">\n<p data-start=\"403\" data-end=\"436\"><strong data-start=\"403\" data-end=\"432\">Certifications &amp; s\u00e9curit\u00e9<\/strong> :<\/p>\n<ul data-start=\"439\" data-end=\"518\">\n<li data-start=\"439\" data-end=\"457\">\n<p data-start=\"441\" data-end=\"457\">Conforme REACH<\/p>\n<\/li>\n<li data-start=\"460\" data-end=\"474\">\n<p data-start=\"462\" data-end=\"474\">Sans plomb<\/p>\n<\/li>\n<li data-start=\"477\" data-end=\"493\">\n<p data-start=\"479\" data-end=\"493\">Sans cadmium<\/p>\n<\/li>\n<li data-start=\"496\" data-end=\"518\">\n<p data-start=\"498\" data-end=\"518\">Sans nickel lib\u00e9r\u00e9<\/p>\n<\/li>\n<\/ul>\n<\/li>\n<\/ul>\n","protected":false},"excerpt":{"rendered":"<p>Boucles d\u2019oreilles rondes en acier inox 304, diam\u00e8tre 20\u202fmm, l\u00e9g\u00e8res et hypoallerg\u00e9niques. Sans plomb, sans cadmium et sans nickel lib\u00e9r\u00e9, parfaites pour un port confortable au quotidien.<\/p>\n","protected":false},"featured_media":476,"comment_status":"open","ping_status":"closed","template":"","meta":[],"product_brand":[],"product_cat":[23],"product_tag":[],"class_list":{"0":"post-474","1":"product","2":"type-product","3":"status-publish","4":"has-post-thumbnail","6":"product_cat-montures-printemps","8":"first","9":"instock","10":"shipping-taxable","11":"purchasable","12":"product-type-simple"},"yoast_head":"<!-- This site is optimized with the Yoast SEO plugin v26.5 - https:\/\/yoast.com\/wordpress\/plugins\/seo\/ -->\n<title>Cr\u00e9oles fines ARGENT - La Vie D&#039;Apr\u00e8s<\/title>\n<meta name=\"description\" content=\"Boucles d\u2019oreilles rondes en acier inox 304, diam\u00e8tre 20\u202fmm, l\u00e9g\u00e8res et hypoallerg\u00e9niques. Sans plomb, sans cadmium et sans nickel lib\u00e9r\u00e9, parfaites pour un port confortable au quotidien.\" \/>\n<meta name=\"robots\" content=\"index, follow, max-snippet:-1, max-image-preview:large, max-video-preview:-1\" \/>\n<link rel=\"canonical\" href=\"https:\/\/la-vie-d-apres.fr\/index.php\/product\/creoles-fines-argent\/\" \/>\n<meta property=\"og:locale\" content=\"fr_FR\" \/>\n<meta property=\"og:type\" content=\"article\" \/>\n<meta property=\"og:title\" content=\"Cr\u00e9oles fines ARGENT - La Vie D&#039;Apr\u00e8s\" \/>\n<meta property=\"og:description\" content=\"Boucles d\u2019oreilles rondes en acier inox 304, diam\u00e8tre 20\u202fmm, l\u00e9g\u00e8res et hypoallerg\u00e9niques. Sans plomb, sans cadmium et sans nickel lib\u00e9r\u00e9, parfaites pour un port confortable au quotidien.\" \/>\n<meta property=\"og:url\" content=\"https:\/\/la-vie-d-apres.fr\/index.php\/product\/creoles-fines-argent\/\" \/>\n<meta property=\"og:site_name\" content=\"La Vie D&#039;Apr\u00e8s\" \/>\n<meta property=\"article:modified_time\" content=\"2025-12-15T13:44:49+00:00\" \/>\n<meta property=\"og:image\" content=\"https:\/\/la-vie-d-apres.fr\/wp-content\/uploads\/2025\/12\/im-creoles-20-mm-a-decorer-acier-inoxydable-x40.webp\" \/>\n\t<meta property=\"og:image:width\" content=\"500\" \/>\n\t<meta property=\"og:image:height\" content=\"500\" \/>\n\t<meta property=\"og:image:type\" content=\"image\/webp\" \/>\n<meta name=\"twitter:card\" content=\"summary_large_image\" \/>\n<meta name=\"twitter:label1\" content=\"Dur\u00e9e de lecture estim\u00e9e\" \/>\n\t<meta name=\"twitter:data1\" content=\"1 minute\" \/>\n<script type=\"application\/ld+json\" class=\"yoast-schema-graph\">{\"@context\":\"https:\/\/schema.org\",\"@graph\":[{\"@type\":\"WebPage\",\"@id\":\"https:\/\/la-vie-d-apres.fr\/index.php\/product\/creoles-fines-argent\/\",\"url\":\"https:\/\/la-vie-d-apres.fr\/index.php\/product\/creoles-fines-argent\/\",\"name\":\"Cr\u00e9oles fines ARGENT - La Vie D&#039;Apr\u00e8s\",\"isPartOf\":{\"@id\":\"https:\/\/la-vie-d-apres.fr\/#website\"},\"primaryImageOfPage\":{\"@id\":\"https:\/\/la-vie-d-apres.fr\/index.php\/product\/creoles-fines-argent\/#primaryimage\"},\"image\":{\"@id\":\"https:\/\/la-vie-d-apres.fr\/index.php\/product\/creoles-fines-argent\/#primaryimage\"},\"thumbnailUrl\":\"https:\/\/la-vie-d-apres.fr\/wp-content\/uploads\/2025\/12\/im-creoles-20-mm-a-decorer-acier-inoxydable-x40.webp\",\"datePublished\":\"2025-12-14T14:50:11+00:00\",\"dateModified\":\"2025-12-15T13:44:49+00:00\",\"description\":\"Boucles d\u2019oreilles rondes en acier inox 304, diam\u00e8tre 20\u202fmm, l\u00e9g\u00e8res et hypoallerg\u00e9niques. Sans plomb, sans cadmium et sans nickel lib\u00e9r\u00e9, parfaites pour un port confortable au quotidien.\",\"breadcrumb\":{\"@id\":\"https:\/\/la-vie-d-apres.fr\/index.php\/product\/creoles-fines-argent\/#breadcrumb\"},\"inLanguage\":\"fr-FR\",\"potentialAction\":[{\"@type\":\"ReadAction\",\"target\":[\"https:\/\/la-vie-d-apres.fr\/index.php\/product\/creoles-fines-argent\/\"]}]},{\"@type\":\"ImageObject\",\"inLanguage\":\"fr-FR\",\"@id\":\"https:\/\/la-vie-d-apres.fr\/index.php\/product\/creoles-fines-argent\/#primaryimage\",\"url\":\"https:\/\/la-vie-d-apres.fr\/wp-content\/uploads\/2025\/12\/im-creoles-20-mm-a-decorer-acier-inoxydable-x40.webp\",\"contentUrl\":\"https:\/\/la-vie-d-apres.fr\/wp-content\/uploads\/2025\/12\/im-creoles-20-mm-a-decorer-acier-inoxydable-x40.webp\",\"width\":500,\"height\":500},{\"@type\":\"BreadcrumbList\",\"@id\":\"https:\/\/la-vie-d-apres.fr\/index.php\/product\/creoles-fines-argent\/#breadcrumb\",\"itemListElement\":[{\"@type\":\"ListItem\",\"position\":1,\"name\":\"Accueil\",\"item\":\"https:\/\/la-vie-d-apres.fr\/\"},{\"@type\":\"ListItem\",\"position\":2,\"name\":\"Shop\",\"item\":\"https:\/\/la-vie-d-apres.fr\/index.php\/shop\/\"},{\"@type\":\"ListItem\",\"position\":3,\"name\":\"Cr\u00e9oles fines ARGENT\"}]},{\"@type\":\"WebSite\",\"@id\":\"https:\/\/la-vie-d-apres.fr\/#website\",\"url\":\"https:\/\/la-vie-d-apres.fr\/\",\"name\":\"La Vie D&#039;Apr\u00e8s\",\"description\":\"Trucs et astuces oubli\u00e9es dont il faut se rappeler\",\"publisher\":{\"@id\":\"https:\/\/la-vie-d-apres.fr\/#organization\"},\"potentialAction\":[{\"@type\":\"SearchAction\",\"target\":{\"@type\":\"EntryPoint\",\"urlTemplate\":\"https:\/\/la-vie-d-apres.fr\/?s={search_term_string}\"},\"query-input\":{\"@type\":\"PropertyValueSpecification\",\"valueRequired\":true,\"valueName\":\"search_term_string\"}}],\"inLanguage\":\"fr-FR\"},{\"@type\":\"Organization\",\"@id\":\"https:\/\/la-vie-d-apres.fr\/#organization\",\"name\":\"La Vie D&#039;Apr\u00e8s\",\"url\":\"https:\/\/la-vie-d-apres.fr\/\",\"logo\":{\"@type\":\"ImageObject\",\"inLanguage\":\"fr-FR\",\"@id\":\"https:\/\/la-vie-d-apres.fr\/#\/schema\/logo\/image\/\",\"url\":\"https:\/\/la-vie-d-apres.fr\/wp-content\/uploads\/2025\/12\/logo-1.png\",\"contentUrl\":\"https:\/\/la-vie-d-apres.fr\/wp-content\/uploads\/2025\/12\/logo-1.png\",\"width\":1563,\"height\":1563,\"caption\":\"La Vie D&#039;Apr\u00e8s\"},\"image\":{\"@id\":\"https:\/\/la-vie-d-apres.fr\/#\/schema\/logo\/image\/\"}}]}<\/script>\n<!-- \/ Yoast SEO plugin. -->","yoast_head_json":{"title":"Cr\u00e9oles fines ARGENT - La Vie D&#039;Apr\u00e8s","description":"Boucles d\u2019oreilles rondes en acier inox 304, diam\u00e8tre 20\u202fmm, l\u00e9g\u00e8res et hypoallerg\u00e9niques. Sans plomb, sans cadmium et sans nickel lib\u00e9r\u00e9, parfaites pour un port confortable au quotidien.","robots":{"index":"index","follow":"follow","max-snippet":"max-snippet:-1","max-image-preview":"max-image-preview:large","max-video-preview":"max-video-preview:-1"},"canonical":"https:\/\/la-vie-d-apres.fr\/index.php\/product\/creoles-fines-argent\/","og_locale":"fr_FR","og_type":"article","og_title":"Cr\u00e9oles fines ARGENT - La Vie D&#039;Apr\u00e8s","og_description":"Boucles d\u2019oreilles rondes en acier inox 304, diam\u00e8tre 20\u202fmm, l\u00e9g\u00e8res et hypoallerg\u00e9niques. Sans plomb, sans cadmium et sans nickel lib\u00e9r\u00e9, parfaites pour un port confortable au quotidien.","og_url":"https:\/\/la-vie-d-apres.fr\/index.php\/product\/creoles-fines-argent\/","og_site_name":"La Vie D&#039;Apr\u00e8s","article_modified_time":"2025-12-15T13:44:49+00:00","og_image":[{"width":500,"height":500,"url":"https:\/\/la-vie-d-apres.fr\/wp-content\/uploads\/2025\/12\/im-creoles-20-mm-a-decorer-acier-inoxydable-x40.webp","type":"image\/webp"}],"twitter_card":"summary_large_image","twitter_misc":{"Dur\u00e9e de lecture estim\u00e9e":"1 minute"},"schema":{"@context":"https:\/\/schema.org","@graph":[{"@type":"WebPage","@id":"https:\/\/la-vie-d-apres.fr\/index.php\/product\/creoles-fines-argent\/","url":"https:\/\/la-vie-d-apres.fr\/index.php\/product\/creoles-fines-argent\/","name":"Cr\u00e9oles fines ARGENT - La Vie D&#039;Apr\u00e8s","isPartOf":{"@id":"https:\/\/la-vie-d-apres.fr\/#website"},"primaryImageOfPage":{"@id":"https:\/\/la-vie-d-apres.fr\/index.php\/product\/creoles-fines-argent\/#primaryimage"},"image":{"@id":"https:\/\/la-vie-d-apres.fr\/index.php\/product\/creoles-fines-argent\/#primaryimage"},"thumbnailUrl":"https:\/\/la-vie-d-apres.fr\/wp-content\/uploads\/2025\/12\/im-creoles-20-mm-a-decorer-acier-inoxydable-x40.webp","datePublished":"2025-12-14T14:50:11+00:00","dateModified":"2025-12-15T13:44:49+00:00","description":"Boucles d\u2019oreilles rondes en acier inox 304, diam\u00e8tre 20\u202fmm, l\u00e9g\u00e8res et hypoallerg\u00e9niques. Sans plomb, sans cadmium et sans nickel lib\u00e9r\u00e9, parfaites pour un port confortable au quotidien.","breadcrumb":{"@id":"https:\/\/la-vie-d-apres.fr\/index.php\/product\/creoles-fines-argent\/#breadcrumb"},"inLanguage":"fr-FR","potentialAction":[{"@type":"ReadAction","target":["https:\/\/la-vie-d-apres.fr\/index.php\/product\/creoles-fines-argent\/"]}]},{"@type":"ImageObject","inLanguage":"fr-FR","@id":"https:\/\/la-vie-d-apres.fr\/index.php\/product\/creoles-fines-argent\/#primaryimage","url":"https:\/\/la-vie-d-apres.fr\/wp-content\/uploads\/2025\/12\/im-creoles-20-mm-a-decorer-acier-inoxydable-x40.webp","contentUrl":"https:\/\/la-vie-d-apres.fr\/wp-content\/uploads\/2025\/12\/im-creoles-20-mm-a-decorer-acier-inoxydable-x40.webp","width":500,"height":500},{"@type":"BreadcrumbList","@id":"https:\/\/la-vie-d-apres.fr\/index.php\/product\/creoles-fines-argent\/#breadcrumb","itemListElement":[{"@type":"ListItem","position":1,"name":"Accueil","item":"https:\/\/la-vie-d-apres.fr\/"},{"@type":"ListItem","position":2,"name":"Shop","item":"https:\/\/la-vie-d-apres.fr\/index.php\/shop\/"},{"@type":"ListItem","position":3,"name":"Cr\u00e9oles fines ARGENT"}]},{"@type":"WebSite","@id":"https:\/\/la-vie-d-apres.fr\/#website","url":"https:\/\/la-vie-d-apres.fr\/","name":"La Vie D&#039;Apr\u00e8s","description":"Trucs et astuces oubli\u00e9es dont il faut se rappeler","publisher":{"@id":"https:\/\/la-vie-d-apres.fr\/#organization"},"potentialAction":[{"@type":"SearchAction","target":{"@type":"EntryPoint","urlTemplate":"https:\/\/la-vie-d-apres.fr\/?s={search_term_string}"},"query-input":{"@type":"PropertyValueSpecification","valueRequired":true,"valueName":"search_term_string"}}],"inLanguage":"fr-FR"},{"@type":"Organization","@id":"https:\/\/la-vie-d-apres.fr\/#organization","name":"La Vie D&#039;Apr\u00e8s","url":"https:\/\/la-vie-d-apres.fr\/","logo":{"@type":"ImageObject","inLanguage":"fr-FR","@id":"https:\/\/la-vie-d-apres.fr\/#\/schema\/logo\/image\/","url":"https:\/\/la-vie-d-apres.fr\/wp-content\/uploads\/2025\/12\/logo-1.png","contentUrl":"https:\/\/la-vie-d-apres.fr\/wp-content\/uploads\/2025\/12\/logo-1.png","width":1563,"height":1563,"caption":"La Vie D&#039;Apr\u00e8s"},"image":{"@id":"https:\/\/la-vie-d-apres.fr\/#\/schema\/logo\/image\/"}}]}},"jetpack_sharing_enabled":true,"_links":{"self":[{"href":"https:\/\/la-vie-d-apres.fr\/index.php\/wp-json\/wp\/v2\/product\/474","targetHints":{"allow":["GET"]}}],"collection":[{"href":"https:\/\/la-vie-d-apres.fr\/index.php\/wp-json\/wp\/v2\/product"}],"about":[{"href":"https:\/\/la-vie-d-apres.fr\/index.php\/wp-json\/wp\/v2\/types\/product"}],"replies":[{"embeddable":true,"href":"https:\/\/la-vie-d-apres.fr\/index.php\/wp-json\/wp\/v2\/comments?post=474"}],"wp:featuredmedia":[{"embeddable":true,"href":"https:\/\/la-vie-d-apres.fr\/index.php\/wp-json\/wp\/v2\/media\/476"}],"wp:attachment":[{"href":"https:\/\/la-vie-d-apres.fr\/index.php\/wp-json\/wp\/v2\/media?parent=474"}],"wp:term":[{"taxonomy":"product_brand","embeddable":true,"href":"https:\/\/la-vie-d-apres.fr\/index.php\/wp-json\/wp\/v2\/product_brand?post=474"},{"taxonomy":"product_cat","embeddable":true,"href":"https:\/\/la-vie-d-apres.fr\/index.php\/wp-json\/wp\/v2\/product_cat?post=474"},{"taxonomy":"product_tag","embeddable":true,"href":"https:\/\/la-vie-d-apres.fr\/index.php\/wp-json\/wp\/v2\/product_tag?post=474"}],"curies":[{"name":"wp","href":"https:\/\/api.w.org\/{rel}","templated":true}]}}